
{"id":10262,"date":"2024-07-02T09:04:47","date_gmt":"2024-07-02T07:04:47","guid":{"rendered":"https:\/\/pferdeberufe.ch\/?page_id=10262"},"modified":"2024-07-02T09:22:06","modified_gmt":"2024-07-02T07:22:06","slug":"spezialistinnen-2024","status":"publish","type":"page","link":"https:\/\/pferdeberufe.ch\/de\/news\/spezialistinnen-2024\/","title":{"rendered":"Drei neue Spezialistinnen der Pferdebranche"},"content":{"rendered":"\t\t<div data-elementor-type=\"wp-page\" data-elementor-id=\"10262\" class=\"elementor elementor-10262\" data-elementor-post-type=\"page\">\n\t\t\t\t\t\t<section class=\"elementor-section elementor-top-section elementor-element elementor-element-1eb722d2 elementor-section-boxed elementor-section-height-default elementor-section-height-default\" data-id=\"1eb722d2\" data-element_type=\"section\" data-e-type=\"section\">\n\t\t\t\t\t\t<div class=\"elementor-container elementor-column-gap-default\">\n\t\t\t\t\t<div class=\"elementor-column elementor-col-100 elementor-top-column elementor-element elementor-element-4496a76a\" data-id=\"4496a76a\" data-element_type=\"column\" data-e-type=\"column\">\n\t\t\t<div class=\"elementor-widget-wrap elementor-element-populated\">\n\t\t\t\t\t\t<div class=\"elementor-element elementor-element-9f1e0a0 elementor-widget elementor-widget-text-editor\" data-id=\"9f1e0a0\" data-element_type=\"widget\" data-e-type=\"widget\" data-widget_type=\"text-editor.default\">\n\t\t\t\t<div class=\"elementor-widget-container\">\n\t\t\t\t\t\t\t\t\t<h2 class=\"elementor-heading-title elementor-size-default elementor-inline-editing pen\" contenteditable=\"true\" data-elementor-setting-key=\"titel\" data-pen-placeholder=\"Eingabe hier...\"><span style=\"color: #ff0000;\">Drei neue Spezialistinnen <\/span>der Pferdebranche<\/h2>\t\t\t\t\t\t\t\t<\/div>\n\t\t\t\t<\/div>\n\t\t\t\t\t<\/div>\n\t\t<\/div>\n\t\t\t\t\t<\/div>\n\t\t<\/section>\n\t\t\t\t<section class=\"elementor-section elementor-top-section elementor-element elementor-element-45d561bb elementor-section-full_width elementor-section-height-default elementor-section-height-default\" data-id=\"45d561bb\" data-element_type=\"section\" data-e-type=\"section\">\n\t\t\t\t\t\t<div class=\"elementor-container elementor-column-gap-no\">\n\t\t\t\t\t<div class=\"elementor-column elementor-col-100 elementor-top-column elementor-element elementor-element-091b3c3\" data-id=\"091b3c3\" data-element_type=\"column\" data-e-type=\"column\">\n\t\t\t<div class=\"elementor-widget-wrap elementor-element-populated\">\n\t\t\t\t\t\t<div class=\"elementor-element elementor-element-aaa72fb elementor-widget elementor-widget-image\" data-id=\"aaa72fb\" data-element_type=\"widget\" data-e-type=\"widget\" data-widget_type=\"image.default\">\n\t\t\t\t<div class=\"elementor-widget-container\">\n\t\t\t\t\t\t\t\t\t\t\t\t\t\t\t<img fetchpriority=\"high\" decoding=\"async\" width=\"768\" height=\"511\" src=\"https:\/\/pferdeberufe.ch\/wp-content\/smush-avif\/Spezialistinnen-2024-2-768x511.jpg.avif\" class=\"attachment-medium_large size-medium_large wp-image-10268\" alt=\"\" srcset=\"https:\/\/pferdeberufe.ch\/wp-content\/smush-avif\/Spezialistinnen-2024-2-768x511.jpg.avif 768w, https:\/\/pferdeberufe.ch\/wp-content\/smush-avif\/Spezialistinnen-2024-2-300x200.jpg.avif 300w, https:\/\/pferdeberufe.ch\/wp-content\/smush-avif\/Spezialistinnen-2024-2-1024x682.jpg.avif 1024w, https:\/\/pferdeberufe.ch\/wp-content\/smush-avif\/Spezialistinnen-2024-2-1536x1023.jpg.avif 1536w, https:\/\/pferdeberufe.ch\/wp-content\/smush-avif\/Spezialistinnen-2024-2-2048x1363.jpg.avif 2048w\" sizes=\"(max-width: 768px) 100vw, 768px\" \/>\t\t\t\t\t\t\t\t\t\t\t\t\t\t\t<\/div>\n\t\t\t\t<\/div>\n\t\t\t\t<div class=\"elementor-element elementor-element-535555a elementor-widget elementor-widget-text-editor\" data-id=\"535555a\" data-element_type=\"widget\" data-e-type=\"widget\" data-widget_type=\"text-editor.default\">\n\t\t\t\t<div class=\"elementor-widget-container\">\n\t\t\t\t\t\t\t\t\t<p>Die drei jungen Frauen Viktoria W\u00e4chter, Janina Siegwart und Annick Josuran absolvierten ihre Ausbildung auf dem Niveau \u00abH\u00f6here Berufsbildung\u00bb mit erfolgreichem Berufspr\u00fcfungsabschluss. Siegwart und Josuran im Fachbereich \u00abKlassisches Reiten\u00bb, W\u00e4chter in \u00abBetreuung und Dienstleistung\u00bb. Unterst\u00fctzt wurden sie durch die vorteilhafte Zusammenarbeit der OdA mit Fachpersonen des Kompetenzzentrums f\u00fcr Bildung \u00abInforama\u00bb in Zollikofen, Experten der Pferdeberufe und dem Lehrgangsleiter Patrick R\u00fcegg.<\/p><p><strong>Bewegende Worte<\/strong> <br \/>Die neuen \u00abSpezialistinnen der Pferdebranche\u00bb konnten zusammen mit ihren Familien ihre eidgen\u00f6ssischen Fachausweise in feierlichem Rahmen in Dietikon in Empfang nehmen. \u00abDie Weiterreise in der Pferdewelt hat begonnen, ihr seid bestens f\u00fcr h\u00f6here Herausforderungen vorbereitet, um diese mit Bravour zu meistern. Nutzt eure F\u00e4higkeiten, eure Leidenschaft, euer Wissen, um die Reise fortzusetzen und als Spezialistinnen die Pferdewelt zu bereichern \u00bb, so Mathias Schibli, Pr\u00e4sident der Qualit\u00e4tssicherungskommission (QSK) h\u00f6here Berufsbildung Pferdeberufe, bei seiner letzten Amtshandlung. Beim anschliessenden Nachtessen wurde er als Pr\u00e4sident der QSK nach acht Jahren ehrenvoll verabschiedet. Sein Amt wird vom neugew\u00e4hlten Martin Habegger \u00fcbernommen.<\/p><p><strong>System\u00e4nderungen geplant<\/strong><br \/>Damit die Weiterbildung zum \u00abSpezialisten der Pferdebranche \u00bb noch attraktiver wird, sind Anpassungen des gesamten Lehrgangs geplant. \u00abN\u00e4chstes Jahr schliessen noch letzte Kandidaten die Ausbildung ab, danach werden wir einiges anpassen, damit die h\u00f6here Berufsbildung auch in Zukunft ein erstrebenswertes Ziel bleibt\u00bb, so Patricia Volpez Stern, Pr\u00fcfungsleiterin QSK.<\/p>\t\t\t\t\t\t\t\t<\/div>\n\t\t\t\t<\/div>\n\t\t\t\t\t<\/div>\n\t\t<\/div>\n\t\t\t\t\t<\/div>\n\t\t<\/section>\n\t\t\t\t<\/div>\n\t\t","protected":false},"excerpt":{"rendered":"<p>Drei neue Spezialistinnen der Pferdebranche Die drei jungen Frauen Viktoria W\u00e4chter, Janina Siegwart und Annick Josuran absolvierten ihre Ausbildung auf dem Niveau \u00abH\u00f6here Berufsbildung\u00bb mit erfolgreichem Berufspr\u00fcfungsabschluss. Siegwart und Josuran &#8230; <a title=\"Drei neue Spezialistinnen der Pferdebranche\" class=\"read-more\" href=\"https:\/\/pferdeberufe.ch\/de\/news\/spezialistinnen-2024\/\" aria-label=\"Mehr Informationen \u00fcber Drei neue Spezialistinnen der Pferdebranche\">Weiterlesen<\/a><\/p>\n","protected":false},"author":4,"featured_media":0,"parent":4135,"menu_order":39,"comment_status":"closed","ping_status":"closed","template":"","meta":{"footnotes":""},"class_list":["post-10262","page","type-page","status-publish"],"publishpress_future_action":{"enabled":false,"date":"2026-05-04 00:56:07","action":"change-status","newStatus":"draft","terms":[],"taxonomy":"translation_priority","extraData":[]},"publishpress_future_workflow_manual_trigger":{"enabledWorkflows":[]},"_links":{"self":[{"href":"https:\/\/pferdeberufe.ch\/de\/wp-json\/wp\/v2\/pages\/10262","targetHints":{"allow":["GET"]}}],"collection":[{"href":"https:\/\/pferdeberufe.ch\/de\/wp-json\/wp\/v2\/pages"}],"about":[{"href":"https:\/\/pferdeberufe.ch\/de\/wp-json\/wp\/v2\/types\/page"}],"author":[{"embeddable":true,"href":"https:\/\/pferdeberufe.ch\/de\/wp-json\/wp\/v2\/users\/4"}],"replies":[{"embeddable":true,"href":"https:\/\/pferdeberufe.ch\/de\/wp-json\/wp\/v2\/comments?post=10262"}],"version-history":[{"count":13,"href":"https:\/\/pferdeberufe.ch\/de\/wp-json\/wp\/v2\/pages\/10262\/revisions"}],"predecessor-version":[{"id":10295,"href":"https:\/\/pferdeberufe.ch\/de\/wp-json\/wp\/v2\/pages\/10262\/revisions\/10295"}],"up":[{"embeddable":true,"href":"https:\/\/pferdeberufe.ch\/de\/wp-json\/wp\/v2\/pages\/4135"}],"wp:attachment":[{"href":"https:\/\/pferdeberufe.ch\/de\/wp-json\/wp\/v2\/media?parent=10262"}],"curies":[{"name":"wp","href":"https:\/\/api.w.org\/{rel}","templated":true}]}}

<div data-elementor-type="wp-page" data-elementor-id="10262" class="elementor elementor-10262" data-elementor-post-type="page">
						<section class="elementor-section elementor-top-section elementor-element elementor-element-1eb722d2 elementor-section-boxed elementor-section-height-default elementor-section-height-default" data-id="1eb722d2" data-element_type="section" data-e-type="section">
						<div class="elementor-container elementor-column-gap-default">
					<div class="elementor-column elementor-col-100 elementor-top-column elementor-element elementor-element-4496a76a" data-id="4496a76a" data-element_type="column" data-e-type="column">
			<div class="elementor-widget-wrap elementor-element-populated">
						<div class="elementor-element elementor-element-9f1e0a0 elementor-widget elementor-widget-text-editor" data-id="9f1e0a0" data-element_type="widget" data-e-type="widget" data-widget_type="text-editor.default">
				<div class="elementor-widget-container">
									<h2 class="elementor-heading-title elementor-size-default elementor-inline-editing pen" contenteditable="true" data-elementor-setting-key="titel" data-pen-placeholder="Eingabe hier..."><span style="color: #ff0000;">Drei neue Spezialistinnen </span>der Pferdebranche</h2>								</div>
				</div>
					</div>
		</div>
					</div>
		</section>
				<section class="elementor-section elementor-top-section elementor-element elementor-element-45d561bb elementor-section-full_width elementor-section-height-default elementor-section-height-default" data-id="45d561bb" data-element_type="section" data-e-type="section">
						<div class="elementor-container elementor-column-gap-no">
					<div class="elementor-column elementor-col-100 elementor-top-column elementor-element elementor-element-091b3c3" data-id="091b3c3" data-element_type="column" data-e-type="column">
			<div class="elementor-widget-wrap elementor-element-populated">
						<div class="elementor-element elementor-element-aaa72fb elementor-widget elementor-widget-image" data-id="aaa72fb" data-element_type="widget" data-e-type="widget" data-widget_type="image.default">
				<div class="elementor-widget-container">
															<img fetchpriority="high" decoding="async" width="768" height="511" src="https://pferdeberufe.ch/wp-content/smush-avif/Spezialistinnen-2024-2-768x511.jpg.avif" class="attachment-medium_large size-medium_large wp-image-10268" alt="" srcset="https://pferdeberufe.ch/wp-content/smush-avif/Spezialistinnen-2024-2-768x511.jpg.avif 768w, https://pferdeberufe.ch/wp-content/smush-avif/Spezialistinnen-2024-2-300x200.jpg.avif 300w, https://pferdeberufe.ch/wp-content/smush-avif/Spezialistinnen-2024-2-1024x682.jpg.avif 1024w, https://pferdeberufe.ch/wp-content/smush-avif/Spezialistinnen-2024-2-1536x1023.jpg.avif 1536w, https://pferdeberufe.ch/wp-content/smush-avif/Spezialistinnen-2024-2-2048x1363.jpg.avif 2048w" sizes="(max-width: 768px) 100vw, 768px" />															</div>
				</div>
				<div class="elementor-element elementor-element-535555a elementor-widget elementor-widget-text-editor" data-id="535555a" data-element_type="widget" data-e-type="widget" data-widget_type="text-editor.default">
				<div class="elementor-widget-container">
									<p>Die drei jungen Frauen Viktoria Wächter, Janina Siegwart und Annick Josuran absolvierten ihre Ausbildung auf dem Niveau «Höhere Berufsbildung» mit erfolgreichem Berufsprüfungsabschluss. Siegwart und Josuran im Fachbereich «Klassisches Reiten», Wächter in «Betreuung und Dienstleistung». Unterstützt wurden sie durch die vorteilhafte Zusammenarbeit der OdA mit Fachpersonen des Kompetenzzentrums für Bildung «Inforama» in Zollikofen, Experten der Pferdeberufe und dem Lehrgangsleiter Patrick Rüegg.</p><p><strong>Bewegende Worte</strong> <br />Die neuen «Spezialistinnen der Pferdebranche» konnten zusammen mit ihren Familien ihre eidgenössischen Fachausweise in feierlichem Rahmen in Dietikon in Empfang nehmen. «Die Weiterreise in der Pferdewelt hat begonnen, ihr seid bestens für höhere Herausforderungen vorbereitet, um diese mit Bravour zu meistern. Nutzt eure Fähigkeiten, eure Leidenschaft, euer Wissen, um die Reise fortzusetzen und als Spezialistinnen die Pferdewelt zu bereichern », so Mathias Schibli, Präsident der Qualitätssicherungskommission (QSK) höhere Berufsbildung Pferdeberufe, bei seiner letzten Amtshandlung. Beim anschliessenden Nachtessen wurde er als Präsident der QSK nach acht Jahren ehrenvoll verabschiedet. Sein Amt wird vom neugewählten Martin Habegger übernommen.</p><p><strong>Systemänderungen geplant</strong><br />Damit die Weiterbildung zum «Spezialisten der Pferdebranche » noch attraktiver wird, sind Anpassungen des gesamten Lehrgangs geplant. «Nächstes Jahr schliessen noch letzte Kandidaten die Ausbildung ab, danach werden wir einiges anpassen, damit die höhere Berufsbildung auch in Zukunft ein erstrebenswertes Ziel bleibt», so Patricia Volpez Stern, Prüfungsleiterin QSK.</p>								</div>
				</div>
					</div>
		</div>
					</div>
		</section>
				</div>

<p>Drei neue Spezialistinnen der Pferdebranche Die drei jungen Frauen Viktoria Wächter, Janina Siegwart und Annick Josuran absolvierten ihre Ausbildung auf dem Niveau «Höhere Berufsbildung» mit erfolgreichem Berufsprüfungsabschluss. Siegwart und Josuran &#8230; <a title="Drei neue Spezialistinnen der Pferdebranche" class="read-more" href="https://pferdeberufe.ch/de/news/spezialistinnen-2024/" aria-label="Mehr Informationen über Drei neue Spezialistinnen der Pferdebranche">Weiterlesen</a></p>
