
{"id":8480,"date":"2023-10-09T14:45:44","date_gmt":"2023-10-09T12:45:44","guid":{"rendered":"https:\/\/pferdeberufe.ch\/?page_id=8480"},"modified":"2023-10-31T14:45:03","modified_gmt":"2023-10-31T13:45:03","slug":"americana","status":"publish","type":"page","link":"https:\/\/pferdeberufe.ch\/de\/news\/americana\/","title":{"rendered":"Starker Auftritt von Berufsfachfrauen an der AMERICANA"},"content":{"rendered":"\t\t<div data-elementor-type=\"wp-page\" data-elementor-id=\"8480\" class=\"elementor elementor-8480\" data-elementor-post-type=\"page\">\n\t\t\t\t\t\t<section class=\"elementor-section elementor-top-section elementor-element elementor-element-1eb722d2 elementor-section-boxed elementor-section-height-default elementor-section-height-default\" data-id=\"1eb722d2\" data-element_type=\"section\" data-e-type=\"section\">\n\t\t\t\t\t\t<div class=\"elementor-container elementor-column-gap-default\">\n\t\t\t\t\t<div class=\"elementor-column elementor-col-100 elementor-top-column elementor-element elementor-element-4496a76a\" data-id=\"4496a76a\" data-element_type=\"column\" data-e-type=\"column\">\n\t\t\t<div class=\"elementor-widget-wrap elementor-element-populated\">\n\t\t\t\t\t\t<div class=\"elementor-element elementor-element-9f1e0a0 elementor-widget elementor-widget-text-editor\" data-id=\"9f1e0a0\" data-element_type=\"widget\" data-e-type=\"widget\" data-widget_type=\"text-editor.default\">\n\t\t\t\t<div class=\"elementor-widget-container\">\n\t\t\t\t\t\t\t\t\t<h2 class=\"elementor-heading-title elementor-size-default elementor-inline-editing pen\" contenteditable=\"true\" data-elementor-setting-key=\"titel\" data-pen-placeholder=\"Eingabe hier...\">Starker Auftritt von Berufsfachfrauen an der AMERICANA<\/h2>\t\t\t\t\t\t\t\t<\/div>\n\t\t\t\t<\/div>\n\t\t\t\t\t<\/div>\n\t\t<\/div>\n\t\t\t\t\t<\/div>\n\t\t<\/section>\n\t\t\t\t<section class=\"elementor-section elementor-top-section elementor-element elementor-element-45d561bb elementor-section-full_width elementor-section-height-default elementor-section-height-default\" data-id=\"45d561bb\" data-element_type=\"section\" data-e-type=\"section\">\n\t\t\t\t\t\t<div class=\"elementor-container elementor-column-gap-no\">\n\t\t\t\t\t<div class=\"elementor-column elementor-col-100 elementor-top-column elementor-element elementor-element-091b3c3\" data-id=\"091b3c3\" data-element_type=\"column\" data-e-type=\"column\">\n\t\t\t<div class=\"elementor-widget-wrap elementor-element-populated\">\n\t\t\t\t\t\t<div class=\"elementor-element elementor-element-1a63549 elementor-widget elementor-widget-image\" data-id=\"1a63549\" data-element_type=\"widget\" data-e-type=\"widget\" data-widget_type=\"image.default\">\n\t\t\t\t<div class=\"elementor-widget-container\">\n\t\t\t\t\t\t\t\t\t\t\t\t\t\t\t<img fetchpriority=\"high\" decoding=\"async\" width=\"300\" height=\"203\" src=\"https:\/\/pferdeberufe.ch\/wp-content\/smush-avif\/SR-VN-Americana-Demo-e1696855555830-300x203.jpg.avif\" class=\"attachment-medium size-medium wp-image-8483\" alt=\"\" srcset=\"https:\/\/pferdeberufe.ch\/wp-content\/smush-avif\/SR-VN-Americana-Demo-e1696855555830-300x203.jpg.avif 300w, https:\/\/pferdeberufe.ch\/wp-content\/smush-avif\/SR-VN-Americana-Demo-e1696855555830-1024x694.jpg.avif 1024w, https:\/\/pferdeberufe.ch\/wp-content\/smush-avif\/SR-VN-Americana-Demo-e1696855555830-768x521.jpg.avif 768w, https:\/\/pferdeberufe.ch\/wp-content\/smush-avif\/SR-VN-Americana-Demo-e1696855555830.jpg.avif 1080w\" sizes=\"(max-width: 300px) 100vw, 300px\" \/>\t\t\t\t\t\t\t\t\t\t\t\t\t\t\t<\/div>\n\t\t\t\t<\/div>\n\t\t\t\t<div class=\"elementor-element elementor-element-535555a elementor-widget elementor-widget-text-editor\" data-id=\"535555a\" data-element_type=\"widget\" data-e-type=\"widget\" data-widget_type=\"text-editor.default\">\n\t\t\t\t<div class=\"elementor-widget-container\">\n\t\t\t\t\t\t\t\t\t<p>Vom 7. \u2013 10. September fand in Friedrichshafen die AMERICANA, die gr\u00f6sste Westernmesse Europas statt. W\u00e4hrend diesen Tagen war auch der Schweizer Westernreitverband Swiss Western Riding Association SWRA vertreten. Simone Reiss, Spezialistin der Pferdebranche Western und Pr\u00e4sidentin der SWRA sowie Viviane N\u00e4geli, Pferdefachfrau Western EFZ und Ausbildungsverantwortliche der SWRA, zeigten jeweils zweimal t\u00e4glich eine Vorf\u00fchrung zum Thema Jungpferdearbeit. Mit viel Ruhe und souver\u00e4ner Art konnten die beiden Berufsfachfrauen die Ausbildung eines Jungpferdes nach der Ausbildungsskala demonstrieren. Mit viel Interesse verfolgte das Publikum die Arbeit mit zwei jungen Quarter Horses; f\u00fcr eines der Pferde war es der erste ausw\u00e4rtige Einsatz \u00fcberhaupt. Die beiden Fachfrauen zeigten mit viel Fachverstand den kompetenten Umgang mit der herausfordernden Messesituation und betonten die Wichtigkeit von Vertrauen, F\u00fchrung und Einf\u00fchlungsverm\u00f6gen bei der Arbeit mit Jungpferden. Mit diesem Auftritt an der AMERICANA gelang es der SWRA eindr\u00fccklich, die Wichtigkeit der fundierten Ausbildung von Berufspersonen aufzuzeigen und deren Kompetenzen einem breiten Publikum zu pr\u00e4sentieren.<\/p><p>Bereits einige Tage vor der Messe starteten die Wettbewerbe in den Disziplinen Reining, Cowhorse, Superhorse und Ranch Horse mit starker internationaler Konkuttenz \u2013 die hochdotierten Finals wurden w\u00e4hrend der Messe ausgetragen, teilweise w\u00e4hrend der ausverkauften Abendshows im Rampenlicht vor Publikum. Mitglieder der SWRA waren auch hier ganz vorne mit dabei. Simone Reiss konnte ihre erst 5-j\u00e4hrige Stute A Frozen Celebrity zum Reserve Champion Titel in der Open Working Ranch Rail reiten und liess ganze 36 Mitkonkurrenten hinter sich. Auch in der Kategorie Non Pro konnte eine Schweizerin \u00fcberzeugen \u2013 Bettina Galle holte sich sogar den Champion Titel, im Sattel des QH Wallachs Pistolero Bo Sun. Das Paar erreichte ausserdem das Finale aus 45 Teilnehmern der sehr starken Open Ranch Riding. Weitere Top 5 Platzierungen gab es f\u00fcr Annika Riggenbach mit AJ Dry Dunnit im Open Western Ranch Rail und im Open Ranch Riding. In der Paradedisziplin EWU Superhorse konnten sich Bettina Galle und Annika Riggenbach sogar in den Top 10 platzieren.<\/p><p><br \/>Die SWRA ist stolz auf ihre starken internationalen Reiterinnen und freut sich \u00fcber die herausragenden sportlichen Leistungen bei diesem prestigetr\u00e4chtigen Event.<\/p>\t\t\t\t\t\t\t\t<\/div>\n\t\t\t\t<\/div>\n\t\t\t\t<div class=\"elementor-element elementor-element-2bf6b12 elementor-widget elementor-widget-image\" data-id=\"2bf6b12\" data-element_type=\"widget\" data-e-type=\"widget\" data-widget_type=\"image.default\">\n\t\t\t\t<div class=\"elementor-widget-container\">\n\t\t\t\t\t\t\t\t\t\t\t\t\t\t\t<img decoding=\"async\" width=\"768\" height=\"443\" src=\"https:\/\/pferdeberufe.ch\/wp-content\/smush-avif\/SR-Open-WRR-Americana-768x443.jpg.avif\" class=\"attachment-medium_large size-medium_large wp-image-8481\" alt=\"\" srcset=\"https:\/\/pferdeberufe.ch\/wp-content\/smush-avif\/SR-Open-WRR-Americana-768x443.jpg.avif 768w, https:\/\/pferdeberufe.ch\/wp-content\/smush-avif\/SR-Open-WRR-Americana-300x173.jpg.avif 300w, https:\/\/pferdeberufe.ch\/wp-content\/smush-avif\/SR-Open-WRR-Americana-1024x591.jpg.avif 1024w, https:\/\/pferdeberufe.ch\/wp-content\/smush-avif\/SR-Open-WRR-Americana-1536x886.jpg.avif 1536w, https:\/\/pferdeberufe.ch\/wp-content\/smush-avif\/SR-Open-WRR-Americana.jpg.avif 1950w\" sizes=\"(max-width: 768px) 100vw, 768px\" \/>\t\t\t\t\t\t\t\t\t\t\t\t\t\t\t<\/div>\n\t\t\t\t<\/div>\n\t\t\t\t\t<\/div>\n\t\t<\/div>\n\t\t\t\t\t<\/div>\n\t\t<\/section>\n\t\t\t\t<section class=\"elementor-section elementor-top-section elementor-element elementor-element-5e9639a elementor-section-boxed elementor-section-height-default elementor-section-height-default\" data-id=\"5e9639a\" data-element_type=\"section\" data-e-type=\"section\">\n\t\t\t\t\t\t<div class=\"elementor-container elementor-column-gap-default\">\n\t\t\t\t\t<div class=\"elementor-column elementor-col-100 elementor-top-column elementor-element elementor-element-de87315\" data-id=\"de87315\" data-element_type=\"column\" data-e-type=\"column\">\n\t\t\t<div class=\"elementor-widget-wrap\">\n\t\t\t\t\t\t\t<\/div>\n\t\t<\/div>\n\t\t\t\t\t<\/div>\n\t\t<\/section>\n\t\t\t\t<\/div>\n\t\t","protected":false},"excerpt":{"rendered":"<p>Starker Auftritt von Berufsfachfrauen an der AMERICANA Vom 7. \u2013 10. September fand in Friedrichshafen die AMERICANA, die gr\u00f6sste Westernmesse Europas statt. W\u00e4hrend diesen Tagen war auch der Schweizer Westernreitverband &#8230; <a title=\"Starker Auftritt von Berufsfachfrauen an der AMERICANA\" class=\"read-more\" href=\"https:\/\/pferdeberufe.ch\/de\/news\/americana\/\" aria-label=\"Mehr Informationen \u00fcber Starker Auftritt von Berufsfachfrauen an der AMERICANA\">Weiterlesen<\/a><\/p>\n","protected":false},"author":4,"featured_media":0,"parent":4135,"menu_order":39,"comment_status":"closed","ping_status":"closed","template":"","meta":{"footnotes":""},"class_list":["post-8480","page","type-page","status-publish"],"publishpress_future_action":{"enabled":false,"date":"2026-05-03 23:20:31","action":"change-status","newStatus":"draft","terms":[],"taxonomy":"translation_priority","extraData":[]},"publishpress_future_workflow_manual_trigger":{"enabledWorkflows":[]},"_links":{"self":[{"href":"https:\/\/pferdeberufe.ch\/de\/wp-json\/wp\/v2\/pages\/8480","targetHints":{"allow":["GET"]}}],"collection":[{"href":"https:\/\/pferdeberufe.ch\/de\/wp-json\/wp\/v2\/pages"}],"about":[{"href":"https:\/\/pferdeberufe.ch\/de\/wp-json\/wp\/v2\/types\/page"}],"author":[{"embeddable":true,"href":"https:\/\/pferdeberufe.ch\/de\/wp-json\/wp\/v2\/users\/4"}],"replies":[{"embeddable":true,"href":"https:\/\/pferdeberufe.ch\/de\/wp-json\/wp\/v2\/comments?post=8480"}],"version-history":[{"count":12,"href":"https:\/\/pferdeberufe.ch\/de\/wp-json\/wp\/v2\/pages\/8480\/revisions"}],"predecessor-version":[{"id":8750,"href":"https:\/\/pferdeberufe.ch\/de\/wp-json\/wp\/v2\/pages\/8480\/revisions\/8750"}],"up":[{"embeddable":true,"href":"https:\/\/pferdeberufe.ch\/de\/wp-json\/wp\/v2\/pages\/4135"}],"wp:attachment":[{"href":"https:\/\/pferdeberufe.ch\/de\/wp-json\/wp\/v2\/media?parent=8480"}],"curies":[{"name":"wp","href":"https:\/\/api.w.org\/{rel}","templated":true}]}}

<div data-elementor-type="wp-page" data-elementor-id="8480" class="elementor elementor-8480" data-elementor-post-type="page">
						<section class="elementor-section elementor-top-section elementor-element elementor-element-1eb722d2 elementor-section-boxed elementor-section-height-default elementor-section-height-default" data-id="1eb722d2" data-element_type="section" data-e-type="section">
						<div class="elementor-container elementor-column-gap-default">
					<div class="elementor-column elementor-col-100 elementor-top-column elementor-element elementor-element-4496a76a" data-id="4496a76a" data-element_type="column" data-e-type="column">
			<div class="elementor-widget-wrap elementor-element-populated">
						<div class="elementor-element elementor-element-9f1e0a0 elementor-widget elementor-widget-text-editor" data-id="9f1e0a0" data-element_type="widget" data-e-type="widget" data-widget_type="text-editor.default">
				<div class="elementor-widget-container">
									<h2 class="elementor-heading-title elementor-size-default elementor-inline-editing pen" contenteditable="true" data-elementor-setting-key="titel" data-pen-placeholder="Eingabe hier...">Starker Auftritt von Berufsfachfrauen an der AMERICANA</h2>								</div>
				</div>
					</div>
		</div>
					</div>
		</section>
				<section class="elementor-section elementor-top-section elementor-element elementor-element-45d561bb elementor-section-full_width elementor-section-height-default elementor-section-height-default" data-id="45d561bb" data-element_type="section" data-e-type="section">
						<div class="elementor-container elementor-column-gap-no">
					<div class="elementor-column elementor-col-100 elementor-top-column elementor-element elementor-element-091b3c3" data-id="091b3c3" data-element_type="column" data-e-type="column">
			<div class="elementor-widget-wrap elementor-element-populated">
						<div class="elementor-element elementor-element-1a63549 elementor-widget elementor-widget-image" data-id="1a63549" data-element_type="widget" data-e-type="widget" data-widget_type="image.default">
				<div class="elementor-widget-container">
															<img fetchpriority="high" decoding="async" width="300" height="203" src="https://pferdeberufe.ch/wp-content/smush-avif/SR-VN-Americana-Demo-e1696855555830-300x203.jpg.avif" class="attachment-medium size-medium wp-image-8483" alt="" srcset="https://pferdeberufe.ch/wp-content/smush-avif/SR-VN-Americana-Demo-e1696855555830-300x203.jpg.avif 300w, https://pferdeberufe.ch/wp-content/smush-avif/SR-VN-Americana-Demo-e1696855555830-1024x694.jpg.avif 1024w, https://pferdeberufe.ch/wp-content/smush-avif/SR-VN-Americana-Demo-e1696855555830-768x521.jpg.avif 768w, https://pferdeberufe.ch/wp-content/smush-avif/SR-VN-Americana-Demo-e1696855555830.jpg.avif 1080w" sizes="(max-width: 300px) 100vw, 300px" />															</div>
				</div>
				<div class="elementor-element elementor-element-535555a elementor-widget elementor-widget-text-editor" data-id="535555a" data-element_type="widget" data-e-type="widget" data-widget_type="text-editor.default">
				<div class="elementor-widget-container">
									<p>Vom 7. – 10. September fand in Friedrichshafen die AMERICANA, die grösste Westernmesse Europas statt. Während diesen Tagen war auch der Schweizer Westernreitverband Swiss Western Riding Association SWRA vertreten. Simone Reiss, Spezialistin der Pferdebranche Western und Präsidentin der SWRA sowie Viviane Nägeli, Pferdefachfrau Western EFZ und Ausbildungsverantwortliche der SWRA, zeigten jeweils zweimal täglich eine Vorführung zum Thema Jungpferdearbeit. Mit viel Ruhe und souveräner Art konnten die beiden Berufsfachfrauen die Ausbildung eines Jungpferdes nach der Ausbildungsskala demonstrieren. Mit viel Interesse verfolgte das Publikum die Arbeit mit zwei jungen Quarter Horses; für eines der Pferde war es der erste auswärtige Einsatz überhaupt. Die beiden Fachfrauen zeigten mit viel Fachverstand den kompetenten Umgang mit der herausfordernden Messesituation und betonten die Wichtigkeit von Vertrauen, Führung und Einfühlungsvermögen bei der Arbeit mit Jungpferden. Mit diesem Auftritt an der AMERICANA gelang es der SWRA eindrücklich, die Wichtigkeit der fundierten Ausbildung von Berufspersonen aufzuzeigen und deren Kompetenzen einem breiten Publikum zu präsentieren.</p><p>Bereits einige Tage vor der Messe starteten die Wettbewerbe in den Disziplinen Reining, Cowhorse, Superhorse und Ranch Horse mit starker internationaler Konkuttenz – die hochdotierten Finals wurden während der Messe ausgetragen, teilweise während der ausverkauften Abendshows im Rampenlicht vor Publikum. Mitglieder der SWRA waren auch hier ganz vorne mit dabei. Simone Reiss konnte ihre erst 5-jährige Stute A Frozen Celebrity zum Reserve Champion Titel in der Open Working Ranch Rail reiten und liess ganze 36 Mitkonkurrenten hinter sich. Auch in der Kategorie Non Pro konnte eine Schweizerin überzeugen – Bettina Galle holte sich sogar den Champion Titel, im Sattel des QH Wallachs Pistolero Bo Sun. Das Paar erreichte ausserdem das Finale aus 45 Teilnehmern der sehr starken Open Ranch Riding. Weitere Top 5 Platzierungen gab es für Annika Riggenbach mit AJ Dry Dunnit im Open Western Ranch Rail und im Open Ranch Riding. In der Paradedisziplin EWU Superhorse konnten sich Bettina Galle und Annika Riggenbach sogar in den Top 10 platzieren.</p><p><br />Die SWRA ist stolz auf ihre starken internationalen Reiterinnen und freut sich über die herausragenden sportlichen Leistungen bei diesem prestigeträchtigen Event.</p>								</div>
				</div>
				<div class="elementor-element elementor-element-2bf6b12 elementor-widget elementor-widget-image" data-id="2bf6b12" data-element_type="widget" data-e-type="widget" data-widget_type="image.default">
				<div class="elementor-widget-container">
															<img decoding="async" width="768" height="443" src="https://pferdeberufe.ch/wp-content/smush-avif/SR-Open-WRR-Americana-768x443.jpg.avif" class="attachment-medium_large size-medium_large wp-image-8481" alt="" srcset="https://pferdeberufe.ch/wp-content/smush-avif/SR-Open-WRR-Americana-768x443.jpg.avif 768w, https://pferdeberufe.ch/wp-content/smush-avif/SR-Open-WRR-Americana-300x173.jpg.avif 300w, https://pferdeberufe.ch/wp-content/smush-avif/SR-Open-WRR-Americana-1024x591.jpg.avif 1024w, https://pferdeberufe.ch/wp-content/smush-avif/SR-Open-WRR-Americana-1536x886.jpg.avif 1536w, https://pferdeberufe.ch/wp-content/smush-avif/SR-Open-WRR-Americana.jpg.avif 1950w" sizes="(max-width: 768px) 100vw, 768px" />															</div>
				</div>
					</div>
		</div>
					</div>
		</section>
				<section class="elementor-section elementor-top-section elementor-element elementor-element-5e9639a elementor-section-boxed elementor-section-height-default elementor-section-height-default" data-id="5e9639a" data-element_type="section" data-e-type="section">
						<div class="elementor-container elementor-column-gap-default">
					<div class="elementor-column elementor-col-100 elementor-top-column elementor-element elementor-element-de87315" data-id="de87315" data-element_type="column" data-e-type="column">
			<div class="elementor-widget-wrap">
							</div>
		</div>
					</div>
		</section>
				</div>

<p>Starker Auftritt von Berufsfachfrauen an der AMERICANA Vom 7. – 10. September fand in Friedrichshafen die AMERICANA, die grösste Westernmesse Europas statt. Während diesen Tagen war auch der Schweizer Westernreitverband &#8230; <a title="Starker Auftritt von Berufsfachfrauen an der AMERICANA" class="read-more" href="https://pferdeberufe.ch/de/news/americana/" aria-label="Mehr Informationen über Starker Auftritt von Berufsfachfrauen an der AMERICANA">Weiterlesen</a></p>
