
{"id":7372,"date":"2023-04-11T17:20:09","date_gmt":"2023-04-11T15:20:09","guid":{"rendered":"https:\/\/pferdeberufe.ch\/nouvelles\/recommandations-relatives-aux-salaires-minimaux-et-aux-durees-maximales-de-travail-pendant-lapprentissage\/"},"modified":"2023-04-17T10:00:10","modified_gmt":"2023-04-17T08:00:10","slug":"recommandations-relatives-aux-salaires-minimaux-et-aux-durees-maximales-de-travail-pendant-lapprentissage","status":"publish","type":"page","link":"https:\/\/pferdeberufe.ch\/fr\/nouvelles\/recommandations-relatives-aux-salaires-minimaux-et-aux-durees-maximales-de-travail-pendant-lapprentissage\/","title":{"rendered":"Recommandations relatives aux salaires minimaux et aux dur\u00e9es maximales de travail pendant l&rsquo;apprentissage"},"content":{"rendered":"\t\t<div data-elementor-type=\"wp-page\" data-elementor-id=\"7372\" class=\"elementor elementor-7372 elementor-7331\" data-elementor-post-type=\"page\">\n\t\t\t\t\t\t<section class=\"elementor-section elementor-top-section elementor-element elementor-element-1eb722d2 elementor-section-boxed elementor-section-height-default elementor-section-height-default\" data-id=\"1eb722d2\" data-element_type=\"section\" data-e-type=\"section\">\n\t\t\t\t\t\t<div class=\"elementor-container elementor-column-gap-default\">\n\t\t\t\t\t<div class=\"elementor-column elementor-col-100 elementor-top-column elementor-element elementor-element-4496a76a\" data-id=\"4496a76a\" data-element_type=\"column\" data-e-type=\"column\">\n\t\t\t<div class=\"elementor-widget-wrap elementor-element-populated\">\n\t\t\t\t\t\t<div class=\"elementor-element elementor-element-9f1e0a0 elementor-widget elementor-widget-text-editor\" data-id=\"9f1e0a0\" data-element_type=\"widget\" data-e-type=\"widget\" data-widget_type=\"text-editor.default\">\n\t\t\t\t<div class=\"elementor-widget-container\">\n\t\t\t\t\t\t\t\t\t<h2 class=\"elementor-heading-title elementor-size-default elementor-inline-editing pen\" contenteditable=\"true\" data-elementor-setting-key=\"titel\" data-pen-placeholder=\"Eingabe hier...\"><span style=\"color: #ff0000;\">Recommandations relatives aux salaires minimaux et aux dur\u00e9es maximales de travail <\/span>pendant l&rsquo;apprentissage<\/h2>\n\t\t\t\t\t\t\t\t<\/div>\n\t\t\t\t<\/div>\n\t\t\t\t\t<\/div>\n\t\t<\/div>\n\t\t\t\t\t<\/div>\n\t\t<\/section>\n\t\t\t\t<section class=\"elementor-section elementor-top-section elementor-element elementor-element-45d561bb elementor-section-full_width elementor-section-height-default elementor-section-height-default\" data-id=\"45d561bb\" data-element_type=\"section\" data-e-type=\"section\">\n\t\t\t\t\t\t<div class=\"elementor-container elementor-column-gap-no\">\n\t\t\t\t\t<div class=\"elementor-column elementor-col-100 elementor-top-column elementor-element elementor-element-091b3c3\" data-id=\"091b3c3\" data-element_type=\"column\" data-e-type=\"column\">\n\t\t\t<div class=\"elementor-widget-wrap elementor-element-populated\">\n\t\t\t\t\t\t<div class=\"elementor-element elementor-element-1a63549 elementor-widget elementor-widget-image\" data-id=\"1a63549\" data-element_type=\"widget\" data-e-type=\"widget\" data-widget_type=\"image.default\">\n\t\t\t\t<div class=\"elementor-widget-container\">\n\t\t\t\t\t\t\t\t\t\t\t\t\t\t\t<img fetchpriority=\"high\" decoding=\"async\" width=\"300\" height=\"201\" src=\"https:\/\/pferdeberufe.ch\/wp-content\/smush-avif\/OdA_BBL_0025-1-300x201.jpg.avif\" class=\"attachment-medium size-medium wp-image-7322\" alt=\"\" srcset=\"https:\/\/pferdeberufe.ch\/wp-content\/smush-avif\/OdA_BBL_0025-1-300x201.jpg.avif 300w, https:\/\/pferdeberufe.ch\/wp-content\/smush-avif\/OdA_BBL_0025-1-1024x685.jpg.avif 1024w, https:\/\/pferdeberufe.ch\/wp-content\/smush-avif\/OdA_BBL_0025-1-768x514.jpg.avif 768w, https:\/\/pferdeberufe.ch\/wp-content\/smush-avif\/OdA_BBL_0025-1-1536x1028.jpg.avif 1536w, https:\/\/pferdeberufe.ch\/wp-content\/smush-avif\/OdA_BBL_0025-1-2048x1371.jpg.avif 2048w\" sizes=\"(max-width: 300px) 100vw, 300px\" \/>\t\t\t\t\t\t\t\t\t\t\t\t\t\t\t<\/div>\n\t\t\t\t<\/div>\n\t\t\t\t<div class=\"elementor-element elementor-element-535555a elementor-widget elementor-widget-text-editor\" data-id=\"535555a\" data-element_type=\"widget\" data-e-type=\"widget\" data-widget_type=\"text-editor.default\">\n\t\t\t\t<div class=\"elementor-widget-container\">\n\t\t\t\t\t\t\t\t\t<p>Le comit\u00e9 de l&rsquo;OrTra M\u00e9tiers li\u00e9s au cheval Suisse a adopt\u00e9 deux nouveaux documents en lien avec l&rsquo;apprentissage. Ceux-ci sont soutenus par ses six associations membres. L&rsquo;objectif de ces recommandations est de r\u00e9duire les interruptions d&rsquo;apprentissage dans la fili\u00e8re \u00e9quine. Celles-ci ne doivent toutefois pas peser excessivement sur les entreprises formatrices.<\/p>\n<p><strong>Recommandation de salaire minimum<br><\/strong>Il n&rsquo;y a pas de changement en ce qui concerne la recommandation de salaire minimum pour les apprenti\/es gardien\/nes de chevaux AFP et professionnels du cheval CFC. Les apprenti\/es dispens\u00e9\/es de l&rsquo;enseignement de culture g\u00e9n\u00e9rale (ECG) travaillent davantage dans l&rsquo;entreprise formatrice. Le salaire recommand\u00e9 pour de tels cas est donc d\u00e9sormais de CHF 200 de plus que le salaire d&rsquo;un apprentissage r\u00e9gulier.<\/p>\n<p>Le comit\u00e9 de l&rsquo;OrTra M\u00e9tiers li\u00e9s au cheval Suisse et ses six associations membres sont en outre d&rsquo;avis que la conclusion d&rsquo;une deuxi\u00e8me sp\u00e9cialisation doit \u00eatre encourag\u00e9e. Dans de tels cas, le salaire recommand\u00e9 est d\u00e9sormais de CHF 1&rsquo;500. Avec le certificat de capacit\u00e9 de la fili\u00e8re \u00e9quine d\u00e9j\u00e0 acquis, ces personnes peuvent \u00eatre employ\u00e9es de mani\u00e8re plus vari\u00e9e que les apprentis r\u00e9guliers.<\/p>\n<p><a href=\"https:\/\/pferdeberufe.ch\/wp-content\/uploads\/Mindestlohnempfehlung-fr.pdf\" target=\"_blank\" rel=\"noopener\">Salaire minimum recommand\u00e9 pour les apprentis de la fili\u00e8re \u00e9quine<\/a><\/p>\n<p><strong>Heures de travail maximales<br><\/strong>Certains apprentis commencent leur apprentissage avant leur seizi\u00e8me anniversaire. Dans ce cas, des horaires de travail sp\u00e9cifiques s&rsquo;appliquent jusqu&rsquo;\u00e0 l&rsquo;\u00e2ge de seize ans. A partir de dix-huit ans, d&rsquo;autres conditions s&rsquo;appliquent. Il existe donc trois niveaux de dur\u00e9e maximale du travail. . Le respect des temps de repos entre les missions et l&rsquo;occupation maximale avant les jours d&rsquo;\u00e9cole professionnelle doivent contribuer \u00e0 r\u00e9duire le nombre de ruptures d&rsquo;apprentissage dans le secteur.<\/p>\n<p><a href=\"https:\/\/pferdeberufe.ch\/wp-content\/uploads\/Hoechst-Arbeitszeiten-fr.pdf\" target=\"_blank\" rel=\"noopener\">Recommandation des dur\u00e9es maximales de travail pour les apprentis de la fili\u00e8re \u00e9quine<\/a><\/p>\n<p>L&rsquo;apprentissage dans la fili\u00e8re \u00e9quine ne doit pas \u00eatre rendu plus attractif uniquement par le salaire. Le comit\u00e9 de l&rsquo;OrTra M\u00e9tiers du cheval Suisse ainsi que ses six associations membres recommandent d&rsquo;adapter les temps de travail en m\u00eame temps que les recommandations relatives au salaire minimum. Ces recommandations s&rsquo;appliquent aux nouveaux contrats \u00e0 partir de l&rsquo;ann\u00e9e scolaire 2023 \/ 2024. Il serait toutefois souhaitable d&rsquo;adapter \u00e9galement les contrats existants aux recommandations \u00e0 partir de la nouvelle ann\u00e9e scolaire.<\/p>\n<p><strong>Questions fr\u00e9quemment pos\u00e9es<br><\/strong>L&rsquo;OrTra M\u00e9tiers du cheval Suisse a en outre r\u00e9dig\u00e9 un document contenant les questions fr\u00e9quemment pos\u00e9es des apprentis de la fili\u00e8re \u00e9quine.<\/p>\n<p><a style=\"background-color: var(--base-3);\" href=\"https:\/\/pferdeberufe.ch\/wp-content\/uploads\/Haeufig-gestellte-Fragen-fr-2.pdf\" target=\"_blank\" rel=\"noopener\">Questions fr\u00e9quemment pos\u00e9es&nbsp;<\/a><\/p>\t\t\t\t\t\t\t\t<\/div>\n\t\t\t\t<\/div>\n\t\t\t\t\t<\/div>\n\t\t<\/div>\n\t\t\t\t\t<\/div>\n\t\t<\/section>\n\t\t\t\t<\/div>\n\t\t","protected":false},"excerpt":{"rendered":"<p>Recommandations relatives aux salaires minimaux et aux dur\u00e9es maximales de travail pendant l&rsquo;apprentissage Le comit\u00e9 de l&rsquo;OrTra M\u00e9tiers li\u00e9s au cheval Suisse a adopt\u00e9 deux nouveaux documents en lien avec &#8230; <a title=\"Recommandations relatives aux salaires minimaux et aux dur\u00e9es maximales de travail pendant l&rsquo;apprentissage\" class=\"read-more\" href=\"https:\/\/pferdeberufe.ch\/fr\/nouvelles\/recommandations-relatives-aux-salaires-minimaux-et-aux-durees-maximales-de-travail-pendant-lapprentissage\/\" aria-label=\"En savoir plus sur Recommandations relatives aux salaires minimaux et aux dur\u00e9es maximales de travail pendant l&rsquo;apprentissage\">Lire la suite<\/a><\/p>\n","protected":false},"author":4,"featured_media":0,"parent":4156,"menu_order":39,"comment_status":"closed","ping_status":"closed","template":"","meta":{"footnotes":""},"class_list":["post-7372","page","type-page","status-publish"],"publishpress_future_action":{"enabled":false,"date":"2026-05-08 15:21:07","action":"change-status","newStatus":"draft","terms":[],"taxonomy":"translation_priority","extraData":[]},"publishpress_future_workflow_manual_trigger":{"enabledWorkflows":[]},"_links":{"self":[{"href":"https:\/\/pferdeberufe.ch\/fr\/wp-json\/wp\/v2\/pages\/7372","targetHints":{"allow":["GET"]}}],"collection":[{"href":"https:\/\/pferdeberufe.ch\/fr\/wp-json\/wp\/v2\/pages"}],"about":[{"href":"https:\/\/pferdeberufe.ch\/fr\/wp-json\/wp\/v2\/types\/page"}],"author":[{"embeddable":true,"href":"https:\/\/pferdeberufe.ch\/fr\/wp-json\/wp\/v2\/users\/4"}],"replies":[{"embeddable":true,"href":"https:\/\/pferdeberufe.ch\/fr\/wp-json\/wp\/v2\/comments?post=7372"}],"version-history":[{"count":24,"href":"https:\/\/pferdeberufe.ch\/fr\/wp-json\/wp\/v2\/pages\/7372\/revisions"}],"predecessor-version":[{"id":7482,"href":"https:\/\/pferdeberufe.ch\/fr\/wp-json\/wp\/v2\/pages\/7372\/revisions\/7482"}],"up":[{"embeddable":true,"href":"https:\/\/pferdeberufe.ch\/fr\/wp-json\/wp\/v2\/pages\/4156"}],"wp:attachment":[{"href":"https:\/\/pferdeberufe.ch\/fr\/wp-json\/wp\/v2\/media?parent=7372"}],"curies":[{"name":"wp","href":"https:\/\/api.w.org\/{rel}","templated":true}]}}

Recommandations relatives aux salaires minimaux et aux durées maximales de travail pendant l&rsquo;apprentissage

<div data-elementor-type="wp-page" data-elementor-id="7372" class="elementor elementor-7372 elementor-7331" data-elementor-post-type="page">
						<section class="elementor-section elementor-top-section elementor-element elementor-element-1eb722d2 elementor-section-boxed elementor-section-height-default elementor-section-height-default" data-id="1eb722d2" data-element_type="section" data-e-type="section">
						<div class="elementor-container elementor-column-gap-default">
					<div class="elementor-column elementor-col-100 elementor-top-column elementor-element elementor-element-4496a76a" data-id="4496a76a" data-element_type="column" data-e-type="column">
			<div class="elementor-widget-wrap elementor-element-populated">
						<div class="elementor-element elementor-element-9f1e0a0 elementor-widget elementor-widget-text-editor" data-id="9f1e0a0" data-element_type="widget" data-e-type="widget" data-widget_type="text-editor.default">
				<div class="elementor-widget-container">
									<h2 class="elementor-heading-title elementor-size-default elementor-inline-editing pen" contenteditable="true" data-elementor-setting-key="titel" data-pen-placeholder="Eingabe hier..."><span style="color: #ff0000;">Recommandations relatives aux salaires minimaux et aux durées maximales de travail </span>pendant l&rsquo;apprentissage</h2>
								</div>
				</div>
					</div>
		</div>
					</div>
		</section>
				<section class="elementor-section elementor-top-section elementor-element elementor-element-45d561bb elementor-section-full_width elementor-section-height-default elementor-section-height-default" data-id="45d561bb" data-element_type="section" data-e-type="section">
						<div class="elementor-container elementor-column-gap-no">
					<div class="elementor-column elementor-col-100 elementor-top-column elementor-element elementor-element-091b3c3" data-id="091b3c3" data-element_type="column" data-e-type="column">
			<div class="elementor-widget-wrap elementor-element-populated">
						<div class="elementor-element elementor-element-1a63549 elementor-widget elementor-widget-image" data-id="1a63549" data-element_type="widget" data-e-type="widget" data-widget_type="image.default">
				<div class="elementor-widget-container">
															<img fetchpriority="high" decoding="async" width="300" height="201" src="https://pferdeberufe.ch/wp-content/smush-avif/OdA_BBL_0025-1-300x201.jpg.avif" class="attachment-medium size-medium wp-image-7322" alt="" srcset="https://pferdeberufe.ch/wp-content/smush-avif/OdA_BBL_0025-1-300x201.jpg.avif 300w, https://pferdeberufe.ch/wp-content/smush-avif/OdA_BBL_0025-1-1024x685.jpg.avif 1024w, https://pferdeberufe.ch/wp-content/smush-avif/OdA_BBL_0025-1-768x514.jpg.avif 768w, https://pferdeberufe.ch/wp-content/smush-avif/OdA_BBL_0025-1-1536x1028.jpg.avif 1536w, https://pferdeberufe.ch/wp-content/smush-avif/OdA_BBL_0025-1-2048x1371.jpg.avif 2048w" sizes="(max-width: 300px) 100vw, 300px" />															</div>
				</div>
				<div class="elementor-element elementor-element-535555a elementor-widget elementor-widget-text-editor" data-id="535555a" data-element_type="widget" data-e-type="widget" data-widget_type="text-editor.default">
				<div class="elementor-widget-container">
									<p>Le comité de l&rsquo;OrTra Métiers liés au cheval Suisse a adopté deux nouveaux documents en lien avec l&rsquo;apprentissage. Ceux-ci sont soutenus par ses six associations membres. L&rsquo;objectif de ces recommandations est de réduire les interruptions d&rsquo;apprentissage dans la filière équine. Celles-ci ne doivent toutefois pas peser excessivement sur les entreprises formatrices.</p>
<p><strong>Recommandation de salaire minimum<br></strong>Il n&rsquo;y a pas de changement en ce qui concerne la recommandation de salaire minimum pour les apprenti/es gardien/nes de chevaux AFP et professionnels du cheval CFC. Les apprenti/es dispensé/es de l&rsquo;enseignement de culture générale (ECG) travaillent davantage dans l&rsquo;entreprise formatrice. Le salaire recommandé pour de tels cas est donc désormais de CHF 200 de plus que le salaire d&rsquo;un apprentissage régulier.</p>
<p>Le comité de l&rsquo;OrTra Métiers liés au cheval Suisse et ses six associations membres sont en outre d&rsquo;avis que la conclusion d&rsquo;une deuxième spécialisation doit être encouragée. Dans de tels cas, le salaire recommandé est désormais de CHF 1&rsquo;500. Avec le certificat de capacité de la filière équine déjà acquis, ces personnes peuvent être employées de manière plus variée que les apprentis réguliers.</p>
<p><a href="https://pferdeberufe.ch/wp-content/uploads/Mindestlohnempfehlung-fr.pdf" target="_blank" rel="noopener">Salaire minimum recommandé pour les apprentis de la filière équine</a></p>
<p><strong>Heures de travail maximales<br></strong>Certains apprentis commencent leur apprentissage avant leur seizième anniversaire. Dans ce cas, des horaires de travail spécifiques s&rsquo;appliquent jusqu&rsquo;à l&rsquo;âge de seize ans. A partir de dix-huit ans, d&rsquo;autres conditions s&rsquo;appliquent. Il existe donc trois niveaux de durée maximale du travail. . Le respect des temps de repos entre les missions et l&rsquo;occupation maximale avant les jours d&rsquo;école professionnelle doivent contribuer à réduire le nombre de ruptures d&rsquo;apprentissage dans le secteur.</p>
<p><a href="https://pferdeberufe.ch/wp-content/uploads/Hoechst-Arbeitszeiten-fr.pdf" target="_blank" rel="noopener">Recommandation des durées maximales de travail pour les apprentis de la filière équine</a></p>
<p>L&rsquo;apprentissage dans la filière équine ne doit pas être rendu plus attractif uniquement par le salaire. Le comité de l&rsquo;OrTra Métiers du cheval Suisse ainsi que ses six associations membres recommandent d&rsquo;adapter les temps de travail en même temps que les recommandations relatives au salaire minimum. Ces recommandations s&rsquo;appliquent aux nouveaux contrats à partir de l&rsquo;année scolaire 2023 / 2024. Il serait toutefois souhaitable d&rsquo;adapter également les contrats existants aux recommandations à partir de la nouvelle année scolaire.</p>
<p><strong>Questions fréquemment posées<br></strong>L&rsquo;OrTra Métiers du cheval Suisse a en outre rédigé un document contenant les questions fréquemment posées des apprentis de la filière équine.</p>
<p><a style="background-color: var(--base-3);" href="https://pferdeberufe.ch/wp-content/uploads/Haeufig-gestellte-Fragen-fr-2.pdf" target="_blank" rel="noopener">Questions fréquemment posées&nbsp;</a></p>								</div>
				</div>
					</div>
		</div>
					</div>
		</section>
				</div>

<p>Recommandations relatives aux salaires minimaux et aux durées maximales de travail pendant l&rsquo;apprentissage Le comité de l&rsquo;OrTra Métiers liés au cheval Suisse a adopté deux nouveaux documents en lien avec &#8230; <a title="Recommandations relatives aux salaires minimaux et aux durées maximales de travail pendant l&rsquo;apprentissage" class="read-more" href="https://pferdeberufe.ch/fr/nouvelles/recommandations-relatives-aux-salaires-minimaux-et-aux-durees-maximales-de-travail-pendant-lapprentissage/" aria-label="En savoir plus sur Recommandations relatives aux salaires minimaux et aux durées maximales de travail pendant l&rsquo;apprentissage">Lire la suite</a></p>
