
{"id":8500,"date":"2023-10-09T15:16:24","date_gmt":"2023-10-09T13:16:24","guid":{"rendered":"https:\/\/pferdeberufe.ch\/?page_id=8500"},"modified":"2023-10-31T14:45:38","modified_gmt":"2023-10-31T13:45:38","slug":"forte-presence-des-professionnelles-a-lamericana","status":"publish","type":"page","link":"https:\/\/pferdeberufe.ch\/fr\/nouvelles\/forte-presence-des-professionnelles-a-lamericana\/","title":{"rendered":"Forte pr\u00e9sence des professionnelles \u00e0 l&rsquo;AMERICANA"},"content":{"rendered":"\t\t<div data-elementor-type=\"wp-page\" data-elementor-id=\"8500\" class=\"elementor elementor-8500 elementor-8480\" data-elementor-post-type=\"page\">\n\t\t\t\t\t\t<section class=\"elementor-section elementor-top-section elementor-element elementor-element-1d2442b elementor-section-boxed elementor-section-height-default elementor-section-height-default\" data-id=\"1d2442b\" data-element_type=\"section\" data-e-type=\"section\">\n\t\t\t\t\t\t<div class=\"elementor-container elementor-column-gap-default\">\n\t\t\t\t\t<div class=\"elementor-column elementor-col-100 elementor-top-column elementor-element elementor-element-102c959\" data-id=\"102c959\" data-element_type=\"column\" data-e-type=\"column\">\n\t\t\t<div class=\"elementor-widget-wrap elementor-element-populated\">\n\t\t\t\t\t\t<div class=\"elementor-element elementor-element-606c285 elementor-widget elementor-widget-text-editor\" data-id=\"606c285\" data-element_type=\"widget\" data-e-type=\"widget\" data-widget_type=\"text-editor.default\">\n\t\t\t\t<div class=\"elementor-widget-container\">\n\t\t\t\t\t\t\t\t\t<h2>Forte pr\u00e9sence des professionnelles \u00e0 l\u2019AMERICANA<\/h2>\t\t\t\t\t\t\t\t<\/div>\n\t\t\t\t<\/div>\n\t\t\t\t\t<\/div>\n\t\t<\/div>\n\t\t\t\t\t<\/div>\n\t\t<\/section>\n\t\t\t\t<section class=\"elementor-section elementor-top-section elementor-element elementor-element-15cfd17 elementor-section-boxed elementor-section-height-default elementor-section-height-default\" data-id=\"15cfd17\" data-element_type=\"section\" data-e-type=\"section\">\n\t\t\t\t\t\t<div class=\"elementor-container elementor-column-gap-default\">\n\t\t\t\t\t<div class=\"elementor-column elementor-col-100 elementor-top-column elementor-element elementor-element-45529b8\" data-id=\"45529b8\" data-element_type=\"column\" data-e-type=\"column\">\n\t\t\t<div class=\"elementor-widget-wrap elementor-element-populated\">\n\t\t\t\t\t\t<div class=\"elementor-element elementor-element-1d731d9 elementor-widget elementor-widget-spacer\" data-id=\"1d731d9\" data-element_type=\"widget\" data-e-type=\"widget\" data-widget_type=\"spacer.default\">\n\t\t\t\t<div class=\"elementor-widget-container\">\n\t\t\t\t\t\t\t<div class=\"elementor-spacer\">\n\t\t\t<div class=\"elementor-spacer-inner\"><\/div>\n\t\t<\/div>\n\t\t\t\t\t\t<\/div>\n\t\t\t\t<\/div>\n\t\t\t\t<div class=\"elementor-element elementor-element-92da358 elementor-widget elementor-widget-image\" data-id=\"92da358\" data-element_type=\"widget\" data-e-type=\"widget\" data-widget_type=\"image.default\">\n\t\t\t\t<div class=\"elementor-widget-container\">\n\t\t\t\t\t\t\t\t\t\t\t\t\t\t\t<img fetchpriority=\"high\" decoding=\"async\" width=\"300\" height=\"300\" src=\"https:\/\/pferdeberufe.ch\/wp-content\/smush-avif\/SR-VN-Americana-Demo-300x300.jpg.avif\" class=\"attachment-medium size-medium wp-image-8484\" alt=\"\" srcset=\"https:\/\/pferdeberufe.ch\/wp-content\/smush-avif\/SR-VN-Americana-Demo-300x300.jpg.avif 300w, https:\/\/pferdeberufe.ch\/wp-content\/smush-avif\/SR-VN-Americana-Demo-1024x1024.jpg.avif 1024w, https:\/\/pferdeberufe.ch\/wp-content\/smush-avif\/SR-VN-Americana-Demo-150x150.jpg.avif 150w, https:\/\/pferdeberufe.ch\/wp-content\/smush-avif\/SR-VN-Americana-Demo-768x768.jpg.avif 768w, https:\/\/pferdeberufe.ch\/wp-content\/smush-avif\/SR-VN-Americana-Demo-e1696855555830.jpg.avif 1080w\" sizes=\"(max-width: 300px) 100vw, 300px\" \/>\t\t\t\t\t\t\t\t\t\t\t\t\t\t\t<\/div>\n\t\t\t\t<\/div>\n\t\t\t\t<div class=\"elementor-element elementor-element-28cbc3e elementor-widget elementor-widget-text-editor\" data-id=\"28cbc3e\" data-element_type=\"widget\" data-e-type=\"widget\" data-widget_type=\"text-editor.default\">\n\t\t\t\t<div class=\"elementor-widget-container\">\n\t\t\t\t\t\t\t\t\t<p>Du 7 au 10 septembre a eu lieu \u00e0 Friedrichshafen l&rsquo;AMERICANA, le plus grand salon western d&rsquo;Europe. Durant ces journ\u00e9es, l&rsquo;association suisse d&rsquo;\u00e9quitation western Swiss Western Riding Association SWRA \u00e9tait \u00e9galement repr\u00e9sent\u00e9e. Simone Reiss, sp\u00e9cialiste de la fili\u00e8re \u00e9quine western et pr\u00e9sidente de la SWRA, ainsi que Viviane N\u00e4geli, professionnelle du cheval western CFC et responsable de la formation de la SWRA, ont pr\u00e9sent\u00e9 deux fois par jour une d\u00e9monstration sur le th\u00e8me du travail des jeunes chevaux. Les deux professionnelles ont pu d\u00e9montrer avec beaucoup de calme et d&rsquo;aisance la formation d&rsquo;un jeune cheval selon l&rsquo;\u00e9chelle de formation. Le public a suivi avec beaucoup d&rsquo;int\u00e9r\u00eat le travail avec deux jeunes Quarter Horses ; pour l&rsquo;un des chevaux, il s&rsquo;agissait de la toute premi\u00e8re intervention \u00e0 l&rsquo;ext\u00e9rieur. Les deux sp\u00e9cialistes ont montr\u00e9 avec beaucoup de savoir-faire comment g\u00e9rer avec comp\u00e9tence la situation exigeante du salon et ont soulign\u00e9 l&rsquo;importance de la confiance, de la direction et de l&#8217;empathie dans le travail avec les jeunes chevaux. Avec cette pr\u00e9sence \u00e0 l&rsquo;AMERICANA, la SWRA a r\u00e9ussi \u00e0 d\u00e9montrer de mani\u00e8re impressionnante l&rsquo;importance d&rsquo;une formation solide des professionnels et \u00e0 pr\u00e9senter leurs comp\u00e9tences \u00e0 un large public.<\/p><p>Quelques jours avant le salon, les comp\u00e9titions de reining, cowhorse, superhorse et ranch horse avaient d\u00e9j\u00e0 commenc\u00e9 avec une forte constellation internationale &#8211; les finales hautement dot\u00e9es ont \u00e9t\u00e9 disput\u00e9es pendant le salon, en partie pendant les spectacles du soir qui affichaient complet, sous les feux de la rampe et devant le public. Les membres de la SWRA \u00e9taient l\u00e0 aussi en t\u00eate. Simone Reiss a r\u00e9ussi \u00e0 faire remporter \u00e0 sa jument A Frozen Celebrity, \u00e2g\u00e9e de 5 ans seulement, le titre de Reserve Champion dans la cat\u00e9gorie Open Working Ranch Rail, laissant derri\u00e8re elle 36 concurrents. Dans la cat\u00e9gorie Non Pro, une Suissesse s&rsquo;est \u00e9galement distingu\u00e9e : Bettina Galle a m\u00eame d\u00e9croch\u00e9 le titre de championne, en selle sur le hongre QH Pistolero Bo Sun. Le couple a en outre atteint la finale parmi les 45 participants de la tr\u00e8s forte cat\u00e9gorie Open Ranch Riding. Annika Riggenbach et AJ Dry Dunnit se sont \u00e9galement class\u00e9es dans le top 5 en Open Western Ranch Rail et en Open Ranch Riding. Dans la discipline phare du EWU Superhorse, Bettina Galle et Annika Riggenbach se sont m\u00eame class\u00e9es dans le top 10.<\/p><p>La SWRA est fi\u00e8re de ses puissantes cavali\u00e8res internationales et se r\u00e9jouit des excellentes performances sportives r\u00e9alis\u00e9es lors de ce prestigieux \u00e9v\u00e9nement.<\/p>\t\t\t\t\t\t\t\t<\/div>\n\t\t\t\t<\/div>\n\t\t\t\t<div class=\"elementor-element elementor-element-9222df1 elementor-widget elementor-widget-image\" data-id=\"9222df1\" data-element_type=\"widget\" data-e-type=\"widget\" data-widget_type=\"image.default\">\n\t\t\t\t<div class=\"elementor-widget-container\">\n\t\t\t\t\t\t\t\t\t\t\t\t\t\t\t<img decoding=\"async\" width=\"768\" height=\"443\" src=\"https:\/\/pferdeberufe.ch\/wp-content\/smush-avif\/SR-Open-WRR-Americana-768x443.jpg.avif\" class=\"attachment-medium_large size-medium_large wp-image-8482\" alt=\"\" srcset=\"https:\/\/pferdeberufe.ch\/wp-content\/smush-avif\/SR-Open-WRR-Americana-768x443.jpg.avif 768w, https:\/\/pferdeberufe.ch\/wp-content\/smush-avif\/SR-Open-WRR-Americana-300x173.jpg.avif 300w, https:\/\/pferdeberufe.ch\/wp-content\/smush-avif\/SR-Open-WRR-Americana-1024x591.jpg.avif 1024w, https:\/\/pferdeberufe.ch\/wp-content\/smush-avif\/SR-Open-WRR-Americana-1536x886.jpg.avif 1536w, https:\/\/pferdeberufe.ch\/wp-content\/smush-avif\/SR-Open-WRR-Americana.jpg.avif 1950w\" sizes=\"(max-width: 768px) 100vw, 768px\" \/>\t\t\t\t\t\t\t\t\t\t\t\t\t\t\t<\/div>\n\t\t\t\t<\/div>\n\t\t\t\t\t<\/div>\n\t\t<\/div>\n\t\t\t\t\t<\/div>\n\t\t<\/section>\n\t\t\t\t<\/div>\n\t\t","protected":false},"excerpt":{"rendered":"<p>Forte pr\u00e9sence des professionnelles \u00e0 l\u2019AMERICANA Du 7 au 10 septembre a eu lieu \u00e0 Friedrichshafen l&rsquo;AMERICANA, le plus grand salon western d&rsquo;Europe. Durant ces journ\u00e9es, l&rsquo;association suisse d&rsquo;\u00e9quitation western &#8230; <a title=\"Forte pr\u00e9sence des professionnelles \u00e0 l&rsquo;AMERICANA\" class=\"read-more\" href=\"https:\/\/pferdeberufe.ch\/fr\/nouvelles\/forte-presence-des-professionnelles-a-lamericana\/\" aria-label=\"En savoir plus sur Forte pr\u00e9sence des professionnelles \u00e0 l&rsquo;AMERICANA\">Lire la suite<\/a><\/p>\n","protected":false},"author":4,"featured_media":0,"parent":4156,"menu_order":39,"comment_status":"closed","ping_status":"closed","template":"","meta":{"footnotes":""},"class_list":["post-8500","page","type-page","status-publish"],"publishpress_future_action":{"enabled":false,"date":"2026-05-03 21:33:48","action":"change-status","newStatus":"draft","terms":[],"taxonomy":"translation_priority","extraData":[]},"publishpress_future_workflow_manual_trigger":{"enabledWorkflows":[]},"_links":{"self":[{"href":"https:\/\/pferdeberufe.ch\/fr\/wp-json\/wp\/v2\/pages\/8500","targetHints":{"allow":["GET"]}}],"collection":[{"href":"https:\/\/pferdeberufe.ch\/fr\/wp-json\/wp\/v2\/pages"}],"about":[{"href":"https:\/\/pferdeberufe.ch\/fr\/wp-json\/wp\/v2\/types\/page"}],"author":[{"embeddable":true,"href":"https:\/\/pferdeberufe.ch\/fr\/wp-json\/wp\/v2\/users\/4"}],"replies":[{"embeddable":true,"href":"https:\/\/pferdeberufe.ch\/fr\/wp-json\/wp\/v2\/comments?post=8500"}],"version-history":[{"count":8,"href":"https:\/\/pferdeberufe.ch\/fr\/wp-json\/wp\/v2\/pages\/8500\/revisions"}],"predecessor-version":[{"id":8751,"href":"https:\/\/pferdeberufe.ch\/fr\/wp-json\/wp\/v2\/pages\/8500\/revisions\/8751"}],"up":[{"embeddable":true,"href":"https:\/\/pferdeberufe.ch\/fr\/wp-json\/wp\/v2\/pages\/4156"}],"wp:attachment":[{"href":"https:\/\/pferdeberufe.ch\/fr\/wp-json\/wp\/v2\/media?parent=8500"}],"curies":[{"name":"wp","href":"https:\/\/api.w.org\/{rel}","templated":true}]}}

Forte présence des professionnelles à l&rsquo;AMERICANA

<div data-elementor-type="wp-page" data-elementor-id="8500" class="elementor elementor-8500 elementor-8480" data-elementor-post-type="page">
						<section class="elementor-section elementor-top-section elementor-element elementor-element-1d2442b elementor-section-boxed elementor-section-height-default elementor-section-height-default" data-id="1d2442b" data-element_type="section" data-e-type="section">
						<div class="elementor-container elementor-column-gap-default">
					<div class="elementor-column elementor-col-100 elementor-top-column elementor-element elementor-element-102c959" data-id="102c959" data-element_type="column" data-e-type="column">
			<div class="elementor-widget-wrap elementor-element-populated">
						<div class="elementor-element elementor-element-606c285 elementor-widget elementor-widget-text-editor" data-id="606c285" data-element_type="widget" data-e-type="widget" data-widget_type="text-editor.default">
				<div class="elementor-widget-container">
									<h2>Forte présence des professionnelles à l’AMERICANA</h2>								</div>
				</div>
					</div>
		</div>
					</div>
		</section>
				<section class="elementor-section elementor-top-section elementor-element elementor-element-15cfd17 elementor-section-boxed elementor-section-height-default elementor-section-height-default" data-id="15cfd17" data-element_type="section" data-e-type="section">
						<div class="elementor-container elementor-column-gap-default">
					<div class="elementor-column elementor-col-100 elementor-top-column elementor-element elementor-element-45529b8" data-id="45529b8" data-element_type="column" data-e-type="column">
			<div class="elementor-widget-wrap elementor-element-populated">
						<div class="elementor-element elementor-element-1d731d9 elementor-widget elementor-widget-spacer" data-id="1d731d9" data-element_type="widget" data-e-type="widget" data-widget_type="spacer.default">
				<div class="elementor-widget-container">
							<div class="elementor-spacer">
			<div class="elementor-spacer-inner"></div>
		</div>
						</div>
				</div>
				<div class="elementor-element elementor-element-92da358 elementor-widget elementor-widget-image" data-id="92da358" data-element_type="widget" data-e-type="widget" data-widget_type="image.default">
				<div class="elementor-widget-container">
															<img fetchpriority="high" decoding="async" width="300" height="300" src="https://pferdeberufe.ch/wp-content/smush-avif/SR-VN-Americana-Demo-300x300.jpg.avif" class="attachment-medium size-medium wp-image-8484" alt="" srcset="https://pferdeberufe.ch/wp-content/smush-avif/SR-VN-Americana-Demo-300x300.jpg.avif 300w, https://pferdeberufe.ch/wp-content/smush-avif/SR-VN-Americana-Demo-1024x1024.jpg.avif 1024w, https://pferdeberufe.ch/wp-content/smush-avif/SR-VN-Americana-Demo-150x150.jpg.avif 150w, https://pferdeberufe.ch/wp-content/smush-avif/SR-VN-Americana-Demo-768x768.jpg.avif 768w, https://pferdeberufe.ch/wp-content/smush-avif/SR-VN-Americana-Demo-e1696855555830.jpg.avif 1080w" sizes="(max-width: 300px) 100vw, 300px" />															</div>
				</div>
				<div class="elementor-element elementor-element-28cbc3e elementor-widget elementor-widget-text-editor" data-id="28cbc3e" data-element_type="widget" data-e-type="widget" data-widget_type="text-editor.default">
				<div class="elementor-widget-container">
									<p>Du 7 au 10 septembre a eu lieu à Friedrichshafen l&rsquo;AMERICANA, le plus grand salon western d&rsquo;Europe. Durant ces journées, l&rsquo;association suisse d&rsquo;équitation western Swiss Western Riding Association SWRA était également représentée. Simone Reiss, spécialiste de la filière équine western et présidente de la SWRA, ainsi que Viviane Nägeli, professionnelle du cheval western CFC et responsable de la formation de la SWRA, ont présenté deux fois par jour une démonstration sur le thème du travail des jeunes chevaux. Les deux professionnelles ont pu démontrer avec beaucoup de calme et d&rsquo;aisance la formation d&rsquo;un jeune cheval selon l&rsquo;échelle de formation. Le public a suivi avec beaucoup d&rsquo;intérêt le travail avec deux jeunes Quarter Horses ; pour l&rsquo;un des chevaux, il s&rsquo;agissait de la toute première intervention à l&rsquo;extérieur. Les deux spécialistes ont montré avec beaucoup de savoir-faire comment gérer avec compétence la situation exigeante du salon et ont souligné l&rsquo;importance de la confiance, de la direction et de l&#8217;empathie dans le travail avec les jeunes chevaux. Avec cette présence à l&rsquo;AMERICANA, la SWRA a réussi à démontrer de manière impressionnante l&rsquo;importance d&rsquo;une formation solide des professionnels et à présenter leurs compétences à un large public.</p><p>Quelques jours avant le salon, les compétitions de reining, cowhorse, superhorse et ranch horse avaient déjà commencé avec une forte constellation internationale &#8211; les finales hautement dotées ont été disputées pendant le salon, en partie pendant les spectacles du soir qui affichaient complet, sous les feux de la rampe et devant le public. Les membres de la SWRA étaient là aussi en tête. Simone Reiss a réussi à faire remporter à sa jument A Frozen Celebrity, âgée de 5 ans seulement, le titre de Reserve Champion dans la catégorie Open Working Ranch Rail, laissant derrière elle 36 concurrents. Dans la catégorie Non Pro, une Suissesse s&rsquo;est également distinguée : Bettina Galle a même décroché le titre de championne, en selle sur le hongre QH Pistolero Bo Sun. Le couple a en outre atteint la finale parmi les 45 participants de la très forte catégorie Open Ranch Riding. Annika Riggenbach et AJ Dry Dunnit se sont également classées dans le top 5 en Open Western Ranch Rail et en Open Ranch Riding. Dans la discipline phare du EWU Superhorse, Bettina Galle et Annika Riggenbach se sont même classées dans le top 10.</p><p>La SWRA est fière de ses puissantes cavalières internationales et se réjouit des excellentes performances sportives réalisées lors de ce prestigieux événement.</p>								</div>
				</div>
				<div class="elementor-element elementor-element-9222df1 elementor-widget elementor-widget-image" data-id="9222df1" data-element_type="widget" data-e-type="widget" data-widget_type="image.default">
				<div class="elementor-widget-container">
															<img decoding="async" width="768" height="443" src="https://pferdeberufe.ch/wp-content/smush-avif/SR-Open-WRR-Americana-768x443.jpg.avif" class="attachment-medium_large size-medium_large wp-image-8482" alt="" srcset="https://pferdeberufe.ch/wp-content/smush-avif/SR-Open-WRR-Americana-768x443.jpg.avif 768w, https://pferdeberufe.ch/wp-content/smush-avif/SR-Open-WRR-Americana-300x173.jpg.avif 300w, https://pferdeberufe.ch/wp-content/smush-avif/SR-Open-WRR-Americana-1024x591.jpg.avif 1024w, https://pferdeberufe.ch/wp-content/smush-avif/SR-Open-WRR-Americana-1536x886.jpg.avif 1536w, https://pferdeberufe.ch/wp-content/smush-avif/SR-Open-WRR-Americana.jpg.avif 1950w" sizes="(max-width: 768px) 100vw, 768px" />															</div>
				</div>
					</div>
		</div>
					</div>
		</section>
				</div>

<p>Forte présence des professionnelles à l’AMERICANA Du 7 au 10 septembre a eu lieu à Friedrichshafen l&rsquo;AMERICANA, le plus grand salon western d&rsquo;Europe. Durant ces journées, l&rsquo;association suisse d&rsquo;équitation western &#8230; <a title="Forte présence des professionnelles à l&rsquo;AMERICANA" class="read-more" href="https://pferdeberufe.ch/fr/nouvelles/forte-presence-des-professionnelles-a-lamericana/" aria-label="En savoir plus sur Forte présence des professionnelles à l&rsquo;AMERICANA">Lire la suite</a></p>
